*2 + 2. Let b be s(-6). Suppose 5*l + 269 = 4*u, -6*u + 3*u - b*l = -196. What is the highest common divisor of u and 110?
22
Suppose -2 = 5*w - 7. Let k be w + (78 - (-1)/1). Let b = -27340 - -27350. What is the greatest common divisor of k and b?
10
Let h = 1236 - 576. Calculate the greatest common divisor of h and 396.
132
Suppose -169 - 413 = -6*l. Suppose 0 = -3*w + 4*i + 266, -5*i = -w - 12 + l. What is the highest common factor of w and 30?
30
Let d be 10/7 + -2 - 52/(-91). Let k be d + 0 + (-18)/((-7)/7). Calculate the highest common factor of k and 72.
18
Suppose -4*w + 11*w - 28 = 0. What is the highest common divisor of 20 and w?
4
Let n(i) = 11*i - 1. Let k be n(2). Let l be (357/84 - 6/8)*24. Calculate the highest common divisor of l and k.
21
Let t be (-372)/(-9) - (-10)/15. Calculate the highest common divisor of 14 and t.
14
Suppose 13*d - 882 - 249 = 0. What is the highest common factor of d and 667?
29
Suppose 0 = -5*t - 3 + 53. Let s = -3 + 2. Let w be s*1*(-4 + 2). Calculate the highest common divisor of t and w.
2
Let w = -94 - -66. Let r = w - -42. Suppose 9*p - 3*z - 303 = 0, 5*z + 5 = p - 10. What is the greatest common divisor of p and r?
7
Suppose -2*x - 4*j = -28, 0 = 2*x - 5*j - 13 + 30. Suppose 32 = h - 4. What is the greatest common divisor of x and h?
4
Let t(z) be the second derivative of z**3/6 + z**2/2 + 9*z. Let q be t(4). Suppose 0 = -0*l + l - q. Calculate the highest common factor of 45 and l.
5
Let v be 5/6 + 3/18. Suppose -2*h + 26*h - 72 = 0. Calculate the highest common factor of v and h.
1
Let k be 4 - (-12 - 6 - 10). What is the highest common factor of k and 88?
8
Let p(f) = -f**2 - 23*f - 88. Let u be p(-17). Calculate the highest common divisor of u and 77.
7
Let m(j) = j**2 - 18*j - 14. Let l be m(21). Calculate the highest common divisor of l and 133.
7
Suppose -11*c + 52 = -168. Let k(t) = 40*t**2 + t + 2. Let d be k(-2). Calculate the highest common divisor of d and c.
20
Let h(l) = -l**2 + 3*l - 2. Let u be h(4). Let q be (u - -3)/(-1*3). Let w = 221 + -214. Calculate the highest common factor of q and w.
1
Let g = 570 + -414. What is the greatest common factor of 572 and g?
52
Let t(g) = 26*g - 32. Let d be t(8). Calculate the greatest common divisor of d and 11.
11
Let b = 304 + -96. Suppose 2*y + 10 - 18 = 0. Suppose y*g - 8*g + 104 = 0. What is the greatest common factor of b and g?
26
Let p(a) = 2*a**2 + 10*a - 2. Let m be p(-9). Calculate the highest common divisor of 770 and m.
70
Let g be 2 - (4 + -5 + 1). Let n be 11/(-22) - (-11)/g. Suppose 3*u = n*u - 18. Calculate the greatest common divisor of 6 and u.
3
Suppose 48 = -272*l + 275*l. What is the highest common divisor of l and 272?
16
Let v = 34 + -38. Let a be (v - (-9)/2)*(17 - 3). Calculate the greatest common divisor of a and 21.
7
Let t(d) = 13 - 3*d**2 + 7*d**2 - 13*d - 3*d**2. Let i be t(12). Suppose -h + 3 - i = 0. What is the highest common factor of 6 and h?
2
Let x(m) = 7*m - 1. Let r be x(3). Suppose 0 = 3*s - 2*h + 4 + 14, 0 = 5*s - 5*h + 25. Let p be (-3)/(18/75)*s. What is the greatest common factor of p and r?
20
Suppose 5*o - 3*l - 87 = 0, 5*o - 53 - 18 = -l. Calculate the highest common divisor of o and 420.
15
Suppose -15*b = -6*b - 720. Calculate the greatest common divisor of b and 96.
16
Let s = 55 - 27. Let a(j) = 2*j**2 + 112*j + 895. Let i be a(-9). What is the highest common divisor of s and i?
7
Let h(m) = -36*m**2 + 1. Let a be h(1). Let t = a - -46. Calculate the greatest common factor of 44 and t.
11
Let g(b) = 2*b**2 - 2*b + 1. Let y be g(2). Suppose 4*h - y*d - 101 = 0, h - 62 = -2*h + d. Calculate the greatest common factor of 19 and h.
19
Suppose -5*k - i + 12 = 0, -2*k + 8*i - 6 = 3*i. Suppose 0 = 5*s - 0*a + 2*a - 356, -2*s - k*a = -140. Calculate the highest common divisor of 9 and s.
9
Let i be (-168)/16*14/(-3). Suppose -11 = -6*w + i. What is the greatest common factor of 90 and w?
10
Suppose 3498 = 151*v - 149*v. What is the highest common divisor of v and 33?
33
Suppose -3*l - 17 = -3*z - 200, 5*z - l = -313. Let d = z - -66. Calculate the highest common factor of d and 3.
3
Suppose 29*d = 355 + 109. Calculate the greatest common divisor of d and 62.
2
Suppose 2*a - 5 = 7. Let w be 309/a - 6/(-4). Suppose 0 = 3*t - 37 - w. Calculate the greatest common factor of 150 and t.
30
Let j(s) be the third derivative of -7*s**4/24 + 5*s**3/3 - 20*s**2. Let d be j(-4). Calculate the highest common factor of d and 304.
38
Suppose 3*x - 502 = 2*j, 217 = 2*x + j - 106. Calculate the greatest common factor of x and 4.
4
Let n be (-2)/(6/(-4) - -1) + 40. What is the greatest common factor of 110 and n?
22
Let k be 3*(1 - (-285)/9). Let h(x) = 2*x**2 - 23*x - 73. Let b be h(-3). What is the highest common factor of b and k?
14
Suppose -2*r - 2 = -8. Suppose 72 = r*l + l. What is the highest common factor of 36 and l?
18
Suppose 16*p - 19*p - 12 = 0, 0 = 5*a + 5*p - 60. What is the greatest common divisor of 36 and a?
4
Let x be 3/2 - (-88)/16. Suppose -32 = -x*u + 10. Let j = -3 + 5. Calculate the greatest common divisor of u and j.
2
Suppose -4*h + 2 = -2, -3*h = -g + 81. Let i be -5*(g/15 + -2). Let o = i - -26. What is the greatest common divisor of o and 1?
1
Suppose -2*y - 11 = -4*t - 5*y, -5*y + 26 = -t. Let c = t - -4. Suppose -c*w + 30 = -3. What is the highest common factor of 88 and w?
11
Let f(q) = q**3 + 8*q**2 + 8*q. Let c be f(-7). Let s(h) = 2*h + 15. Let v be s(c). What is the greatest common divisor of 5 and v?
1
Let x be 4/140*5 + (-332)/(-28). What is the highest common divisor of 42 and x?
6
Suppose 25 = -p + 3*p - o, 5*o = 5*p - 70. Calculate the highest common divisor of p and 44.
11
Suppose -4*v + 7 + 13 = 0. Let f = -18 - -23. What is the greatest common factor of f and v?
5
Suppose 12*b - 3*n = 8*b + 700, -844 = -5*b - 4*n. Calculate the greatest common divisor of b and 129.
43
Let u(b) = 2*b - 2. Let r(t) = -1. Let a(z) = -2*r(z) - 2*u(z). Let i be a(-2). What is the highest common factor of 126 and i?
14
Let g = 22 + -20. Let f be ((-7)/14)/(g/228). Let h = f + 87. Calculate the highest common divisor of h and 10.
10
Suppose -2*z - 3*z = -4*a + 17, -2*a - 4*z + 28 = 0. Let c(h) = -h**3 + 10*h**2 - 5*h - 13. Let x be c(a). Calculate the highest common factor of 25 and x.
25
Let x = -50 - 31. Let u = x + 125. Calculate the greatest common divisor of u and 4.
4
Let y = 7 - -3. Let a(z) = z**3 - 8*z**2 + 10*z. Let h be a(7). Let p = h - -59. Calculate the highest common factor of p and y.
10
Suppose -t - 3*b + 750 = 0, 5*t + 7*b = 10*b + 3660. What is the greatest common factor of t and 49?
49
Let i(q) = -q + 5. Let n be i(4). Let u(c) = 9*c - 422. Let g be u(47). What is the greatest common factor of n and g?
1
Let a be 0 - -2 - (5 - 8). Let r = -88 + 93. What is the greatest common divisor of r and a?
5
Suppose -t - 91 = -z, 5*z + 3*t = 2*z + 267. Calculate the highest common divisor of 63 and z.
9
Suppose 4*o = 5*d + 6659 + 1533, 3*o = -3*d + 6117. Let q = 3683 - o. Let f be q/15 - 4/(-6). What is the highest common factor of 11 and f?
11
Let x be 720/162 - 8/18. Suppose 20*s = x*s + 3472. What is the greatest common factor of 31 and s?
31
Suppose 3*b = 4*z + 2*b - 207, -2*z + 108 = -2*b. Let j = -23 + z. What is the highest common factor of j and 252?
28
Suppose 5550 + 2843 = 77*q. What is the greatest common factor of 2071 and q?
109
Let c(s) = -s**2 + 29*s - 14. Let r(i) = -10*i - 22. Let k be r(-5). Let m be c(k). Calculate the highest common factor of 7 and m.
7
Let a(k) = 2*k**2 + 2*k + 20. Let i be a(-5). Suppose -13*o = -16*o + i. Calculate the greatest common factor of o and 8.
4
Suppose 73 = 4*t - 179. What is the greatest common divisor of t and 171?
9
Let i be (-6)/24 + 2/8 + 5. Let x be i*(66/5)/2. Calculate the greatest common divisor of 3 and x.
3
Suppose -19*o + 2180 = -1145. Calculate the greatest common divisor of o and 50.
25
Suppose 3*w = -3*d - 1 + 31, -2*d + w + 20 = 0. Suppose -15*m = -d*m - 240. Calculate the highest common divisor of 12 and m.
12
Let v be 77/14*(-2 - 0). Let m = 14 + v. Suppose -3*o - o = -3*x + 154, -264 = -5*x + m*o. Calculate the highest common divisor of x and 18.
18
Suppose 0*h - 152 = -5*h - i, 4*h - i - 118 = 0. Suppose 0 = -5